935?
False
Is 447 a factor of 816222?
True
Is 6073389 a multiple of 63?
True
Does 8 divide 1690724?
False
Does 253 divide 1778337?
True
Does 30 divide 120690?
True
Is 2 a factor of 161498?
True
Is 75643 even?
False
Is 2412354 a multiple of 266?
True
Does 78 divide 98892?
False
Is 1647576 a multiple of 1764?
True
Is 10 a factor of 815239?
False
Does 24 divide 385128?
True
Does 21 divide 139697?
False
Does 204 divide 1275408?
True
Is 234 a factor of 245934?
True
Is 1610695 a multiple of 302?
False
Does 14 divide 7832275?
False
Does 222 divide 1931400?
True
Does 1192 divide 2459318?
False
Does 9 divide 415853?
False
Does 3 divide 86289?
True
Is 3 a factor of 60570?
True
Is 147 a factor of 7410280?
False
Does 1616 divide 6126256?
True
Does 267 divide 515653?
False
Is 39 a factor of 3461273?
False
Does 78 divide 2246790?
True
Is 116498 a multiple of 10?
False
Is 1518 a factor of 40571070?
False
Does 48 divide 293970?
False
Is 461820 a multiple of 895?
True
Is 797 a factor of 1652978?
True
Is 393323 a multiple of 89?
False
Is 578083 a multiple of 12?
False
Is 181 a factor of 1591177?
False
Is 59478 a multiple of 6?
True
Is 702 a factor of 2178240?
False
Is 520990 a multiple of 7?
False
Does 6 divide 144798?
True
Is 12 a factor of 18594200?
False
Is 5534365 a multiple of 14?
False
Does 93 divide 340136?
False
Is 109531 a multiple of 17?
True
Is 334 a factor of 4341974?
False
Does 19 divide 108456?
False
Does 8 divide 1310015?
False
Does 170 divide 1080520?
True
Is 47 a factor of 1947?
False
Does 36 divide 395532?
True
Does 3 divide 83052?
True
Is 4 a factor of 42240?
True
Is 342 a factor of 130986?
True
Is 17 a factor of 7174?
True
Is 365 a factor of 2588945?
True
Is 27051430 a multiple of 245?
True
Is 115 a factor of 209443?
False
Is 10 a factor of 479980?
True
Is 676 a factor of 6119828?
True
Is 2 a factor of 17268?
True
Does 40 divide 8394680?
True
Does 35 divide 14668990?
True
Is 14 a factor of 4131?
False
Is 534280 a multiple of 740?
True
Is 239 a factor of 619966?
True
Is 1014284 a multiple of 86?
True
Is 46271 even?
False
Does 24 divide 60984?
True
Does 79 divide 225703?
True
Is 1731 a multiple of 34?
False
Does 383 divide 2285744?
True
Is 766 a factor of 1073166?
True
Is 885458 a multiple of 9?
False
Is 12 a factor of 1539168?
True
Does 60 divide 624307?
False
Does 16 divide 2184752?
True
Is 586212 a multiple of 36?
False
Is 78 a factor of 219932?
False
Does 9 divide 52704?
True
Is 14 a factor of 1200954?
False
Is 82 a factor of 30012?
True
Is 7 a factor of 80808?
True
Is 13 a factor of 1221897?
False
Is 6913975 a multiple of 383?
False
Does 6 divide 43044?
True
Is 2544240 a multiple of 96?
False
Does 637 divide 646555?
True
Is 5521476 a multiple of 228?
True
Is 5458240 a multiple of 740?
True
Is 229174 a multiple of 28?
False
Does 36 divide 130102?
False
Is 47 a factor of 132319?
False
Does 30 divide 219402?
False
Is 55 a factor of 419114?
False
Is 189552 a multiple of 33?
True
Is 309690 a multiple of 380?
False
Is 1271808 a multiple of 1728?
True
Is 29 a factor of 50141?
True
Is 212 a factor of 28584596?
True
Is 4042248 a multiple of 42?
True
Is 159 a factor of 647593?
False
Is 15 a factor of 2933686?
False
Is 167255 a multiple of 116?
False
Is 1431975 a multiple of 25?
True
Is 188256 a multiple of 74?
True
Is 781 a factor of 486405?
False
Does 57 divide 5340786?
True
Is 10687 a multiple of 7?
False
Does 82 divide 5093102?
True
Is 84537 a multiple of 9?
True
Is 2179021 a multiple of 31?
True
Is 1029 a factor of 11414185?
False
Is 173784 a multiple of 24?
True
Is 103351 even?
False
Does 38 divide 7874094?
True
Does 127 divide 47625?
True
Is 194 a factor of 84946?
False
Does 317 divide 1135216?
False
Does 12 divide 231785?
False
Is 7 a factor of 29473?
False
Does 11 divide 415423?
False
Is 2746248 a multiple of 102?
True
Is 157 a factor of 471785?
True
Is 354 a factor of 597198?
True
Is 182 a factor of 7319130?
True
Is 425935 a multiple of 7?
False
Is 5 a factor of 316590?
True
Does 17 divide 1188584?
False
Is 1070611 a multiple of 370?
False
Is 271751 a multiple of 130?
False
Does 40 divide 1326360?
True
Is 16 a factor of 1343085?
False
Is 32 a factor of 501455?
False
Is 6 a factor of 384389?
False
Does 54 divide 10647720?
True
Is 17 a factor of 85204?
True
Is 54757 a multiple of 36?
False
Is 2088304 a multiple of 158?
False
Does 21 divide 456739?
False
Is 1174920 a multiple of 30?
True
Does 21 divide 17535?
True
Is 8 a factor of 226436?
False
Is 5 a factor of 3309670?
True
Does 93 divide 1173044?
False
Is 1782675 a multiple of 9?
True
Does 35 divide 122955?
True
Is 256680 a multiple of 46?
True
Is 36 a factor of 2957148?
True
Does 11 divide 130182?
False
Is 589 a factor of 381242?
False
Is 508148 a multiple of 23?
False
Does 1125 divide 719305?
False
Is 63327 a multiple of 19?
True
Is 149 a factor of 242870?
True
Does 76 divide 89224?
True
Is 5989506 a multiple of 9?
False
Does 38 divide 10184?
True
Does 39 divide 428070?
False
Is 54 a factor of 3340710?
True
Is 26 a factor of 363506?
True
Is 485275 a multiple of 47?
True
Does 55 divide 37236?
False
Is 60576 a multiple of 4?
True
Is 1827452 a multiple of 1013?
True
Is 16 a factor of 127408?
True
Does 127 divide 517879?
False
Is 499 a factor of 1704085?
True
Does 26 divide 4489?
False
Is 690936 a multiple of 12?
True
Is 148 a factor of 410583?
False
Is 71 a factor of 3915277?
False
Is 1109038 a multiple of 15?
False
Is 1228451 a multiple of 9?
False
Is 20 a factor of 4325798?
False
Does 53 divide 201673?
False
Does 96 divide 2225280?
True
Is 156088 a multiple of 53?
False
Is 1050516 a multiple of 142?
True
Is 78356 a multiple of 422?
False
Is 2150917 a multiple of 86?
False
Is 3451440 a multiple of 30?
True
Is 79011 a multiple of 22?
False
Is 12 a factor of 12236028?
True
Is 361 a factor of 8506604?
True
Is 506748 a multiple of 9?
False
Is 31654 a multiple of 34?
True
Does 19 divide 3010951?
False
Is 56483 a multiple of 45?
False
Does 273 divide 7410378?
False
Does 62 divide 9967?
False
Does 768 divide 12039131?
False
Is 696818 a multiple of 10?
False
Does 93 divide 1624896?
True
Is 1935036 a multiple of 57?
True
Is 163 a factor of 87362?
False
Is 1034304 a multiple of 48?
True
Does 12 divide 66533?
False
Is 718686 a multiple of 7?
False
Is 15952 a multiple of 51?
False
Is 21 a factor of 1133580?
True
Is 203 a factor of 188993?
True
Does 105 divide 1260945?
True
Does 127 divide 69850?
True
Does 635 divide 142240?
True
Does 4 divide 656328?
True
Does 13 divide 12990?
False
Is 63250 a multiple of 110?
True
Is 120 a factor of 153720?
True
Does 100 divide 686052?
False
Is 119568 a multiple of 150?
False
Does 589 divide 18649507?
True
Is 5971936 a multiple of 4?
True
Does 32 divide 6712?
False
Is 36207 a multiple of 81?
True
Is 188236 a multiple of 490?
False
Does 32 divide 15070380?
False
Does 30 divide 2198430?
True
Does 151 divide 145413?
True
Is 2188654 a multiple of 116?
False
Is 53 a factor of 9873712?
False
Is 20826375 a multiple of 285?
True
Is 133411 a multiple of 729?
False
Does 272 divide 1692928?
True
Does 657 divide 1039374?
True
Is 218 a factor of 5112100?
True
Is 138 a factor of 68862?
True
Is 19093068 a multiple of 9?
True
Is 12821580 a multiple of 570?
True
Is 1121848 a multiple of 52?
True
Is 2749997 a multiple of 26?
False
Is 146129 even?
False
Is 1073358 a multiple of 278?
True
Is 269 a factor of 5522589?
False
Is 7089394 a multiple of 19?
True
Is 3044387 a multiple of 157?
True
Is 115 a factor of 1038964?
False
Does 731 divide 10224427?
False
Is 1217818 a multiple of 12?
False
Is 2 a factor of 41615?
False
Does 19 divide 241908?
True
Is 3502380 a multiple of 465?
True
Is 778680 a multiple of 540?
True
Is 74198 a multiple of 35?
False
Is 11140 a multiple of 2?
True
Is 6104968 a multiple of 67?
False
Is 5 a factor of 395937?
False
Does 1084 divide 1137620?
False
Is 344 a factor of 81184?
True
Is 148013 a multiple of 8?
False
Does 17 divide 144250?
False
Is 4116616 a multiple of 161?
False
Does 92 divide 100712?
False
Is 6 a factor of 275920?
False
Does 24 divide 60984?
True
Does 20 divide 1008096?
False
Does 9 divide 3016114?
False
Does 20 divide 6491153?
False
Does 55 divide 160160?
True
Is 454457 even?
False
Is 160 a factor of 205089?
False
Is 778483 a multiple of 787?
F